{"id":78,"date":"2021-10-31T13:03:19","date_gmt":"2021-10-31T13:03:19","guid":{"rendered":"https:\/\/sd-internet-service.de\/index.php\/home\/"},"modified":"2026-02-15T17:53:53","modified_gmt":"2026-02-15T16:53:53","slug":"home","status":"publish","type":"page","link":"https:\/\/sd-internet-service.de\/","title":{"rendered":"Willkommen"},"content":{"rendered":"\t\t<div data-elementor-type=\"wp-page\" data-elementor-id=\"78\" class=\"elementor elementor-78\">\n\t\t\t\t\t\t<section class=\"elementor-section elementor-top-section elementor-element elementor-element-54afb127 elementor-section-boxed elementor-section-height-default elementor-section-height-default\" data-id=\"54afb127\" data-element_type=\"section\" data-e-type=\"section\">\n\t\t\t\t\t\t<div class=\"elementor-container elementor-column-gap-default\">\n\t\t\t\t\t<div class=\"elementor-column elementor-col-100 elementor-top-column elementor-element elementor-element-db0726f\" data-id=\"db0726f\" data-element_type=\"column\" data-e-type=\"column\">\n\t\t\t<div class=\"elementor-widget-wrap elementor-element-populated\">\n\t\t\t\t\t\t<div class=\"elementor-element elementor-element-5c654316 elementor-widget elementor-widget-text-editor\" data-id=\"5c654316\" data-element_type=\"widget\" data-e-type=\"widget\" data-widget_type=\"text-editor.default\">\n\t\t\t\t<div class=\"elementor-widget-container\">\n\t\t\t\t\t\t\t\t\t<p class=\"\">Willkommen bei SD-Internet-Service \u2013 Ihrer Agentur f\u00fcr professionelle Internet- und IT-Dienstleistungen. Wir bieten Ihnen leistungsstarkes Hosting, Server- und Cloud-L\u00f6sungen, V-Server, Domain-Registrierung und -Verwaltung, Suchmaschinenoptimierung (SEO), Webdesign sowie Webentwicklung und Webseiten-Verwaltung. Dank unserer Partnerschaften in den Bereichen DSL, Glasfaser, Mobilfunk und Netzwerk erhalten Sie ganzheitliche IT- und Internet-L\u00f6sungen aus einer Hand.<\/p>\n<p class=\"\">Profitieren Sie von unserer langj\u00e4hrigen Erfahrung und individuellen Betreuung. SD-Internet-Service steht f\u00fcr zuverl\u00e4ssige, ma\u00dfgeschneiderte L\u00f6sungen, die Ihre Online-Pr\u00e4senz und IT-Infrastruktur st\u00e4rken. Kontaktieren Sie uns f\u00fcr eine pers\u00f6nliche Beratung \u2013 wir begleiten Sie auf dem Weg zu Ihrem digitalen Erfolg.<\/p>\n<p>\u00a0<\/p>\n<p>\u00a0<\/p>\n<p><\/p>\n<p><\/p>\t\t\t\t\t\t\t\t<\/div>\n\t\t\t\t<\/div>\n\t\t\t\t\t<\/div>\n\t\t<\/div>\n\t\t\t\t\t<\/div>\n\t\t<\/section>\n\t\t\t\t<section class=\"elementor-section elementor-top-section elementor-element elementor-element-79742d5 elementor-section-boxed elementor-section-height-default elementor-section-height-default\" data-id=\"79742d5\" data-element_type=\"section\" data-e-type=\"section\">\n\t\t\t\t\t\t<div class=\"elementor-container elementor-column-gap-default\">\n\t\t\t\t\t<div class=\"elementor-column elementor-col-100 elementor-top-column elementor-element elementor-element-1a0a948\" data-id=\"1a0a948\" data-element_type=\"column\" data-e-type=\"column\">\n\t\t\t<div class=\"elementor-widget-wrap elementor-element-populated\">\n\t\t\t\t\t\t<div class=\"elementor-element elementor-element-4ad5f69 elementor-widget elementor-widget-heading\" data-id=\"4ad5f69\" data-element_type=\"widget\" data-e-type=\"widget\" data-widget_type=\"heading.default\">\n\t\t\t\t<div class=\"elementor-widget-container\">\n\t\t\t\t\t<h3 class=\"elementor-heading-title elementor-size-medium\">Werbe Partner* <\/h3>\t\t\t\t<\/div>\n\t\t\t\t<\/div>\n\t\t\t\t\t<\/div>\n\t\t<\/div>\n\t\t\t\t\t<\/div>\n\t\t<\/section>\n\t\t\t\t<section class=\"elementor-section elementor-top-section elementor-element elementor-element-82c963f elementor-section-boxed elementor-section-height-default elementor-section-height-default\" data-id=\"82c963f\" data-element_type=\"section\" data-e-type=\"section\">\n\t\t\t\t\t\t<div class=\"elementor-container elementor-column-gap-default\">\n\t\t\t\t\t<div class=\"elementor-column elementor-col-25 elementor-top-column elementor-element elementor-element-75011c4\" data-id=\"75011c4\" data-element_type=\"column\" data-e-type=\"column\">\n\t\t\t<div class=\"elementor-widget-wrap elementor-element-populated\">\n\t\t\t\t\t\t<div class=\"elementor-element elementor-element-41933c4 elementor-widget elementor-widget-html\" data-id=\"41933c4\" data-element_type=\"widget\" data-e-type=\"widget\" data-widget_type=\"html.default\">\n\t\t\t\t<div class=\"elementor-widget-container\">\n\t\t\t\t\t<!-- Beginn communicationAds-Code --><a href=\"https:\/\/www.communicationads.net\/tc.php?t=14071C14632292B\" target=\"_blank\" rel=\"noopener\"><img decoding=\"async\" src=\"https:\/\/www.communicationads.net\/tb.php?t=14071V14632292B\" alt=\"Vodafone.de\" border=\"0\" width=\"88\" height=\"31\"><\/a><!-- Ende communicationAds-Code -->\t\t\t\t<\/div>\n\t\t\t\t<\/div>\n\t\t\t\t\t<\/div>\n\t\t<\/div>\n\t\t\t\t<div class=\"elementor-column elementor-col-25 elementor-top-column elementor-element elementor-element-8bb5ebb\" data-id=\"8bb5ebb\" data-element_type=\"column\" data-e-type=\"column\">\n\t\t\t<div class=\"elementor-widget-wrap elementor-element-populated\">\n\t\t\t\t\t\t<div class=\"elementor-element elementor-element-89684d9 elementor-widget elementor-widget-html\" data-id=\"89684d9\" data-element_type=\"widget\" data-e-type=\"widget\" data-widget_type=\"html.default\">\n\t\t\t\t<div class=\"elementor-widget-container\">\n\t\t\t\t\t\n<!-- START ADVERTISER: freenet from awin.com -->\n\n<a rel=\"sponsored noopener\" href=\"https:\/\/www.awin1.com\/cread.php?s=2524318&amp;v=11420&amp;q=392147&amp;r=660711\" target=\"_blank\">\n    <img decoding=\"async\" src=\"https:\/\/www.awin1.com\/cshow.php?s=2524318&v=11420&q=392147&r=660711\" border=\"0\">\n<\/a>\n\n<!-- END ADVERTISER: freenet from awin.com -->\n\t\t\t\t<\/div>\n\t\t\t\t<\/div>\n\t\t\t\t\t<\/div>\n\t\t<\/div>\n\t\t\t\t<div class=\"elementor-column elementor-col-25 elementor-top-column elementor-element elementor-element-f3dded7\" data-id=\"f3dded7\" data-element_type=\"column\" data-e-type=\"column\">\n\t\t\t<div class=\"elementor-widget-wrap\">\n\t\t\t\t\t\t\t<\/div>\n\t\t<\/div>\n\t\t\t\t<div class=\"elementor-column elementor-col-25 elementor-top-column elementor-element elementor-element-c84cabd\" data-id=\"c84cabd\" data-element_type=\"column\" data-e-type=\"column\">\n\t\t\t<div class=\"elementor-widget-wrap elementor-element-populated\">\n\t\t\t\t\t\t<div class=\"elementor-element elementor-element-a947377 elementor-widget elementor-widget-html\" data-id=\"a947377\" data-element_type=\"widget\" data-e-type=\"widget\" data-widget_type=\"html.default\">\n\t\t\t\t<div class=\"elementor-widget-container\">\n\t\t\t\t\t<!-- Beginn communicationAds-Code --><a href=\"https:\/\/www.communicationads.net\/tc.php?t=14071C17940314B\" target=\"_blank\" rel=\"noopener\"><img decoding=\"async\" src=\"https:\/\/www.communicationads.net\/tb.php?t=14071V17940314B\" alt=\"\" border=\"0\" width=\"88\" height=\"32\"><\/a><!-- Ende communicationAds-Code -->\t\t\t\t<\/div>\n\t\t\t\t<\/div>\n\t\t\t\t\t<\/div>\n\t\t<\/div>\n\t\t\t\t\t<\/div>\n\t\t<\/section>\n\t\t\t\t<section class=\"elementor-section elementor-top-section elementor-element elementor-element-0786cf4 elementor-section-boxed elementor-section-height-default elementor-section-height-default\" data-id=\"0786cf4\" data-element_type=\"section\" data-e-type=\"section\">\n\t\t\t\t\t\t<div class=\"elementor-container elementor-column-gap-default\">\n\t\t\t\t\t<div class=\"elementor-column elementor-col-25 elementor-top-column elementor-element elementor-element-96df0b6\" data-id=\"96df0b6\" data-element_type=\"column\" data-e-type=\"column\">\n\t\t\t<div class=\"elementor-widget-wrap elementor-element-populated\">\n\t\t\t\t\t\t<div class=\"elementor-element elementor-element-1c77bae elementor-widget elementor-widget-html\" data-id=\"1c77bae\" data-element_type=\"widget\" data-e-type=\"widget\" data-widget_type=\"html.default\">\n\t\t\t\t<div class=\"elementor-widget-container\">\n\t\t\t\t\t<!-- Beginn communicationAds-Code --><a href=\"https:\/\/www.communicationads.net\/tc.php?t=14071C26031000B\" target=\"_blank\" rel=\"noopener\"><img decoding=\"async\" src=\"https:\/\/www.communicationads.net\/tb.php?t=14071V26031000B\" alt=\"\" border=\"0\" width=\"88\" height=\"31\"><\/a><!-- Ende communicationAds-Code -->\t\t\t\t<\/div>\n\t\t\t\t<\/div>\n\t\t\t\t\t<\/div>\n\t\t<\/div>\n\t\t\t\t<div class=\"elementor-column elementor-col-25 elementor-top-column elementor-element elementor-element-1d1d93e\" data-id=\"1d1d93e\" data-element_type=\"column\" data-e-type=\"column\">\n\t\t\t<div class=\"elementor-widget-wrap elementor-element-populated\">\n\t\t\t\t\t\t<div class=\"elementor-element elementor-element-4c65679 elementor-widget elementor-widget-html\" data-id=\"4c65679\" data-element_type=\"widget\" data-e-type=\"widget\" data-widget_type=\"html.default\">\n\t\t\t\t<div class=\"elementor-widget-container\">\n\t\t\t\t\t<!-- Beginn communicationAds-Code --><a href=\"https:\/\/www.communicationads.net\/tc.php?t=14071C10835413B\" target=\"_blank\" rel=\"noopener\"><img loading=\"lazy\" decoding=\"async\" src=\"https:\/\/www.communicationads.net\/tb.php?t=14071V10835413B\" alt=\"\" border=\"0\" width=\"120\" height=\"60\"><\/a><!-- Ende communicationAds-Code -->\t\t\t\t<\/div>\n\t\t\t\t<\/div>\n\t\t\t\t\t<\/div>\n\t\t<\/div>\n\t\t\t\t<div class=\"elementor-column elementor-col-25 elementor-top-column elementor-element elementor-element-d5ad82a\" data-id=\"d5ad82a\" data-element_type=\"column\" data-e-type=\"column\">\n\t\t\t<div class=\"elementor-widget-wrap elementor-element-populated\">\n\t\t\t\t\t\t<div class=\"elementor-element elementor-element-e65f6b9 elementor-widget elementor-widget-html\" data-id=\"e65f6b9\" data-element_type=\"widget\" data-e-type=\"widget\" data-widget_type=\"html.default\">\n\t\t\t\t<div class=\"elementor-widget-container\">\n\t\t\t\t\t<!-- Beginn communicationAds-Code --><a href=\"https:\/\/www.communicationads.net\/tc.php?t=14071C24930826B\" target=\"_blank\" rel=\"noopener\"><img loading=\"lazy\" decoding=\"async\" src=\"https:\/\/www.communicationads.net\/tb.php?t=14071V24930826B\" alt=\"Logo Pyur 88x31\" border=\"0\" width=\"88\" height=\"31\"><\/a><!-- Ende communicationAds-Code -->\t\t\t\t<\/div>\n\t\t\t\t<\/div>\n\t\t\t\t\t<\/div>\n\t\t<\/div>\n\t\t\t\t<div class=\"elementor-column elementor-col-25 elementor-top-column elementor-element elementor-element-238d042\" data-id=\"238d042\" data-element_type=\"column\" data-e-type=\"column\">\n\t\t\t<div class=\"elementor-widget-wrap elementor-element-populated\">\n\t\t\t\t\t\t<div class=\"elementor-element elementor-element-0ea623b elementor-widget elementor-widget-html\" data-id=\"0ea623b\" data-element_type=\"widget\" data-e-type=\"widget\" data-widget_type=\"html.default\">\n\t\t\t\t<div class=\"elementor-widget-container\">\n\t\t\t\t\t<!-- Beginn communicationAds-Code --><a href=\"https:\/\/www.communicationads.net\/tc.php?t=14071C30833444B\" target=\"_blank\" rel=\"noopener\"><img loading=\"lazy\" decoding=\"async\" src=\"https:\/\/www.communicationads.net\/tb.php?t=14071V30833444B\" alt=\"Logo\" border=\"0\" width=\"234\" height=\"60\"><\/a><!-- Ende communicationAds-Code -->\t\t\t\t<\/div>\n\t\t\t\t<\/div>\n\t\t\t\t\t<\/div>\n\t\t<\/div>\n\t\t\t\t\t<\/div>\n\t\t<\/section>\n\t\t\t\t<section class=\"elementor-section elementor-top-section elementor-element elementor-element-b039070 elementor-section-boxed elementor-section-height-default elementor-section-height-default\" data-id=\"b039070\" data-element_type=\"section\" data-e-type=\"section\">\n\t\t\t\t\t\t<div class=\"elementor-container elementor-column-gap-default\">\n\t\t\t\t\t<div class=\"elementor-column elementor-col-33 elementor-top-column elementor-element elementor-element-dadb8f5\" data-id=\"dadb8f5\" data-element_type=\"column\" data-e-type=\"column\">\n\t\t\t<div class=\"elementor-widget-wrap elementor-element-populated\">\n\t\t\t\t\t\t<div class=\"elementor-element elementor-element-1368bfe elementor-widget elementor-widget-html\" data-id=\"1368bfe\" data-element_type=\"widget\" data-e-type=\"widget\" data-widget_type=\"html.default\">\n\t\t\t\t<div class=\"elementor-widget-container\">\n\t\t\t\t\t<a href=\"https:\/\/t.adcell.com\/p\/click?encodingId=6551fd95a0ae2abd38a681d34a2d04f0\" target=\"_blank\" rel=\"noopener\">\n    <img loading=\"lazy\" decoding=\"async\" src=\"https:\/\/t.adcell.com\/p\/image?encodingId=6551fd95a0ae2abd38a681d34a2d04f0\" width=\"88\" height=\"31\" border=\"0\" alt=\"NordVPN\" \/>\n<\/a>\t\t\t\t<\/div>\n\t\t\t\t<\/div>\n\t\t\t\t\t<\/div>\n\t\t<\/div>\n\t\t\t\t<div class=\"elementor-column elementor-col-33 elementor-top-column elementor-element elementor-element-7f2e2a2\" data-id=\"7f2e2a2\" data-element_type=\"column\" data-e-type=\"column\">\n\t\t\t<div class=\"elementor-widget-wrap elementor-element-populated\">\n\t\t\t\t\t\t<div class=\"elementor-element elementor-element-a2096ec elementor-widget elementor-widget-html\" data-id=\"a2096ec\" data-element_type=\"widget\" data-e-type=\"widget\" data-widget_type=\"html.default\">\n\t\t\t\t<div class=\"elementor-widget-container\">\n\t\t\t\t\t<a href=\"https:\/\/t.adcell.com\/p\/click?encodingId=970bbd2b943fdf5ff97e466369958d34\" target=\"_blank\" rel=\"noopener\">\n    <img loading=\"lazy\" decoding=\"async\" src=\"https:\/\/t.adcell.com\/p\/image?encodingId=970bbd2b943fdf5ff97e466369958d34\" width=\"88\" height=\"31\" border=\"0\" alt=\"Digitalspezialist\" \/>\n<\/a>\t\t\t\t<\/div>\n\t\t\t\t<\/div>\n\t\t\t\t\t<\/div>\n\t\t<\/div>\n\t\t\t\t<div class=\"elementor-column elementor-col-33 elementor-top-column elementor-element elementor-element-ad61d52\" data-id=\"ad61d52\" data-element_type=\"column\" data-e-type=\"column\">\n\t\t\t<div class=\"elementor-widget-wrap elementor-element-populated\">\n\t\t\t\t\t\t<div class=\"elementor-element elementor-element-b50af86 elementor-widget elementor-widget-html\" data-id=\"b50af86\" data-element_type=\"widget\" data-e-type=\"widget\" data-widget_type=\"html.default\">\n\t\t\t\t<div class=\"elementor-widget-container\">\n\t\t\t\t\t<a href=\"https:\/\/t.adcell.com\/p\/click?encodingId=9ae39fc2f002132284e6c5ef58ce5580\" target=\"_blank\" rel=\"noopener\">\n    <img loading=\"lazy\" decoding=\"async\" src=\"https:\/\/t.adcell.com\/p\/image?encodingId=9ae39fc2f002132284e6c5ef58ce5580\" width=\"88\" height=\"31\" border=\"0\" alt=\"Xentos vServer\" \/>\n<\/a>\t\t\t\t<\/div>\n\t\t\t\t<\/div>\n\t\t\t\t\t<\/div>\n\t\t<\/div>\n\t\t\t\t\t<\/div>\n\t\t<\/section>\n\t\t\t\t<section class=\"elementor-section elementor-top-section elementor-element elementor-element-0bcebd0 elementor-section-boxed elementor-section-height-default elementor-section-height-default\" data-id=\"0bcebd0\" data-element_type=\"section\" data-e-type=\"section\">\n\t\t\t\t\t\t<div class=\"elementor-container elementor-column-gap-default\">\n\t\t\t\t\t<div class=\"elementor-column elementor-col-50 elementor-top-column elementor-element elementor-element-db4f13c\" data-id=\"db4f13c\" data-element_type=\"column\" data-e-type=\"column\">\n\t\t\t<div class=\"elementor-widget-wrap elementor-element-populated\">\n\t\t\t\t\t\t<div class=\"elementor-element elementor-element-0f8e5b6 elementor-widget elementor-widget-image\" data-id=\"0f8e5b6\" data-element_type=\"widget\" data-e-type=\"widget\" data-widget_type=\"image.default\">\n\t\t\t\t<div class=\"elementor-widget-container\">\n\t\t\t\t\t\t\t\t\t\t\t\t\t\t\t\t<a href=\"https:\/\/clients.verpex.com\/aff\/?a_aid=refid&#038;a_aid=68fd01bb57de5\" target=\"_blank\" rel=\"nofollow noopener\">\n\t\t\t\t\t\t\t<img loading=\"lazy\" decoding=\"async\" width=\"300\" height=\"300\" src=\"https:\/\/i0.wp.com\/sd-internet-service.de\/wp-content\/uploads\/2026\/01\/769ebeb7.png?fit=300%2C300&amp;ssl=1\" class=\"attachment-large size-large wp-image-613\" alt=\"Verpex\" srcset=\"https:\/\/i0.wp.com\/sd-internet-service.de\/wp-content\/uploads\/2026\/01\/769ebeb7.png?w=300&amp;ssl=1 300w, https:\/\/i0.wp.com\/sd-internet-service.de\/wp-content\/uploads\/2026\/01\/769ebeb7.png?resize=150%2C150&amp;ssl=1 150w, https:\/\/i0.wp.com\/sd-internet-service.de\/wp-content\/uploads\/2026\/01\/769ebeb7.png?resize=90%2C90&amp;ssl=1 90w, https:\/\/i0.wp.com\/sd-internet-service.de\/wp-content\/uploads\/2026\/01\/769ebeb7.png?resize=75%2C75&amp;ssl=1 75w\" sizes=\"(max-width: 300px) 100vw, 300px\" \/>\t\t\t\t\t\t\t\t<\/a>\n\t\t\t\t\t\t\t\t\t\t\t\t\t\t\t<\/div>\n\t\t\t\t<\/div>\n\t\t\t\t\t<\/div>\n\t\t<\/div>\n\t\t\t\t<div class=\"elementor-column elementor-col-50 elementor-top-column elementor-element elementor-element-46dead0\" data-id=\"46dead0\" data-element_type=\"column\" data-e-type=\"column\">\n\t\t\t<div class=\"elementor-widget-wrap\">\n\t\t\t\t\t\t\t<\/div>\n\t\t<\/div>\n\t\t\t\t\t<\/div>\n\t\t<\/section>\n\t\t\t\t<section class=\"elementor-section elementor-top-section elementor-element elementor-element-4339403 elementor-section-boxed elementor-section-height-default elementor-section-height-default\" data-id=\"4339403\" data-element_type=\"section\" data-e-type=\"section\">\n\t\t\t\t\t\t<div class=\"elementor-container elementor-column-gap-default\">\n\t\t\t\t\t<div class=\"elementor-column elementor-col-100 elementor-top-column elementor-element elementor-element-6ed77ab\" data-id=\"6ed77ab\" data-element_type=\"column\" data-e-type=\"column\">\n\t\t\t<div class=\"elementor-widget-wrap elementor-element-populated\">\n\t\t\t\t\t\t<div class=\"elementor-element elementor-element-b132604 elementor-widget elementor-widget-text-editor\" data-id=\"b132604\" data-element_type=\"widget\" data-e-type=\"widget\" data-widget_type=\"text-editor.default\">\n\t\t\t\t<div class=\"elementor-widget-container\">\n\t\t\t\t\t\t\t\t\t<p>* Was der Stern bedeutet: Mit einem * gekennzeichnete Links bedeuten, dass wir eine Provision erhalten, wenn eine Buchung oder eine bestimmte Aktion \u00fcber den verlinkten Anbieter erfolgt. Es entstehen keine zus\u00e4tzlichen Kosten f\u00fcr Sie. Au\u00dferdem erhalten wir kein Geld nur durch das Setzen von Links.<\/p>\t\t\t\t\t\t\t\t<\/div>\n\t\t\t\t<\/div>\n\t\t\t\t\t<\/div>\n\t\t<\/div>\n\t\t\t\t\t<\/div>\n\t\t<\/section>\n\t\t\t\t<\/div>\n\t\t","protected":false},"excerpt":{"rendered":"<p>Willkommen bei SD-Internet-Service \u2013 Ihrer Agentur f\u00fcr professionelle Internet- und IT-Dienstleistungen. Wir bieten Ihnen leistungsstarkes Hosting, Server- und Cloud-L\u00f6sungen, V-Server, Domain-Registrierung und -Verwaltung, Suchmaschinenoptimierung (SEO), Webdesign sowie Webentwicklung und Webseiten-Verwaltung. Dank unserer Partnerschaften in den Bereichen DSL, Glasfaser, Mobilfunk und Netzwerk erhalten Sie ganzheitliche IT- und Internet-L\u00f6sungen aus einer Hand. Profitieren Sie von unserer langj\u00e4hrigen Erfahrung und individuellen Betreuung. SD-Internet-Service<\/p>\n","protected":false},"author":1,"featured_media":0,"parent":0,"menu_order":0,"comment_status":"closed","ping_status":"closed","template":"","meta":{"footnotes":""},"class_list":["post-78","page","type-page","status-publish","hentry"],"jetpack-related-posts":[],"jetpack_sharing_enabled":true,"_links":{"self":[{"href":"https:\/\/sd-internet-service.de\/index.php\/wp-json\/wp\/v2\/pages\/78","targetHints":{"allow":["GET"]}}],"collection":[{"href":"https:\/\/sd-internet-service.de\/index.php\/wp-json\/wp\/v2\/pages"}],"about":[{"href":"https:\/\/sd-internet-service.de\/index.php\/wp-json\/wp\/v2\/types\/page"}],"author":[{"embeddable":true,"href":"https:\/\/sd-internet-service.de\/index.php\/wp-json\/wp\/v2\/users\/1"}],"replies":[{"embeddable":true,"href":"https:\/\/sd-internet-service.de\/index.php\/wp-json\/wp\/v2\/comments?post=78"}],"version-history":[{"count":126,"href":"https:\/\/sd-internet-service.de\/index.php\/wp-json\/wp\/v2\/pages\/78\/revisions"}],"predecessor-version":[{"id":662,"href":"https:\/\/sd-internet-service.de\/index.php\/wp-json\/wp\/v2\/pages\/78\/revisions\/662"}],"wp:attachment":[{"href":"https:\/\/sd-internet-service.de\/index.php\/wp-json\/wp\/v2\/media?parent=78"}],"curies":[{"name":"wp","href":"https:\/\/api.w.org\/{rel}","templated":true}]}}