{"id":131,"date":"2021-12-12T19:10:18","date_gmt":"2021-12-12T18:10:18","guid":{"rendered":"https:\/\/sd-internet-service.de\/?page_id=131"},"modified":"2026-02-05T19:53:03","modified_gmt":"2026-02-05T18:53:03","slug":"service","status":"publish","type":"page","link":"https:\/\/sd-internet-service.de\/index.php\/service\/","title":{"rendered":"Service"},"content":{"rendered":"\t\t<div data-elementor-type=\"wp-page\" data-elementor-id=\"131\" class=\"elementor elementor-131\">\n\t\t\t\t\t\t<section class=\"elementor-section elementor-top-section elementor-element elementor-element-f521c0d elementor-section-boxed elementor-section-height-default elementor-section-height-default\" data-id=\"f521c0d\" data-element_type=\"section\" data-e-type=\"section\">\n\t\t\t\t\t\t<div class=\"elementor-container elementor-column-gap-default\">\n\t\t\t\t\t<div class=\"elementor-column elementor-col-100 elementor-top-column elementor-element elementor-element-b331511\" data-id=\"b331511\" data-element_type=\"column\" data-e-type=\"column\">\n\t\t\t<div class=\"elementor-widget-wrap elementor-element-populated\">\n\t\t\t\t\t\t<div class=\"elementor-element elementor-element-5d03a53 elementor-widget elementor-widget-text-editor\" data-id=\"5d03a53\" data-element_type=\"widget\" data-e-type=\"widget\" data-widget_type=\"text-editor.default\">\n\t\t\t\t<div class=\"elementor-widget-container\">\n\t\t\t\t\t\t\t\t\t<p>Unser Service umfasst umfassende L\u00f6sungen im Bereich Hosting, Webentwicklung und IT-Infrastruktur. Dabei legen wir besonderen Wert auf Sicherheitsvorkehrungen, um Schwachstellen zu minimieren und Ihre Daten vor Bedrohungen wie Denial of Service oder Datenmanipulation zu sch\u00fctzen. Mit unseren Cloud-L\u00f6sungen erhalten Sie flexible und skalierbare Ressourcen, die sich an Ihre individuellen Anforderungen anpassen lassen.<\/p>\t\t\t\t\t\t\t\t<\/div>\n\t\t\t\t<\/div>\n\t\t\t\t\t<\/div>\n\t\t<\/div>\n\t\t\t\t\t<\/div>\n\t\t<\/section>\n\t\t\t\t<section class=\"elementor-section elementor-top-section elementor-element elementor-element-d821841 elementor-section-boxed elementor-section-height-default elementor-section-height-default\" data-id=\"d821841\" data-element_type=\"section\" data-e-type=\"section\">\n\t\t\t\t\t\t<div class=\"elementor-container elementor-column-gap-default\">\n\t\t\t\t\t<div class=\"elementor-column elementor-col-100 elementor-top-column elementor-element elementor-element-0848a61\" data-id=\"0848a61\" data-element_type=\"column\" data-e-type=\"column\">\n\t\t\t<div class=\"elementor-widget-wrap elementor-element-populated\">\n\t\t\t\t\t\t<div class=\"elementor-element elementor-element-b11f424 elementor-tabs-view-horizontal elementor-widget elementor-widget-tabs\" data-id=\"b11f424\" data-element_type=\"widget\" data-e-type=\"widget\" data-widget_type=\"tabs.default\">\n\t\t\t\t<div class=\"elementor-widget-container\">\n\t\t\t\t\t\t\t<div class=\"elementor-tabs\">\n\t\t\t<div class=\"elementor-tabs-wrapper\" role=\"tablist\" >\n\t\t\t\t\t\t\t\t\t<div id=\"elementor-tab-title-1851\" class=\"elementor-tab-title elementor-tab-desktop-title\" aria-selected=\"true\" data-tab=\"1\" role=\"tab\" tabindex=\"0\" aria-controls=\"elementor-tab-content-1851\" aria-expanded=\"false\">Webdesign & Entwicklung<\/div>\n\t\t\t\t\t\t\t\t\t<div id=\"elementor-tab-title-1852\" class=\"elementor-tab-title elementor-tab-desktop-title\" aria-selected=\"false\" data-tab=\"2\" role=\"tab\" tabindex=\"-1\" aria-controls=\"elementor-tab-content-1852\" aria-expanded=\"false\">Hosting<\/div>\n\t\t\t\t\t\t\t\t\t<div id=\"elementor-tab-title-1853\" class=\"elementor-tab-title elementor-tab-desktop-title\" aria-selected=\"false\" data-tab=\"3\" role=\"tab\" tabindex=\"-1\" aria-controls=\"elementor-tab-content-1853\" aria-expanded=\"false\">Domain<\/div>\n\t\t\t\t\t\t\t\t\t<div id=\"elementor-tab-title-1854\" class=\"elementor-tab-title elementor-tab-desktop-title\" aria-selected=\"false\" data-tab=\"4\" role=\"tab\" tabindex=\"-1\" aria-controls=\"elementor-tab-content-1854\" aria-expanded=\"false\">Webshop \/ E-Commerce<\/div>\n\t\t\t\t\t\t\t\t\t<div id=\"elementor-tab-title-1855\" class=\"elementor-tab-title elementor-tab-desktop-title\" aria-selected=\"false\" data-tab=\"5\" role=\"tab\" tabindex=\"-1\" aria-controls=\"elementor-tab-content-1855\" aria-expanded=\"false\">Webseiten-Verwaltung<\/div>\n\t\t\t\t\t\t\t<\/div>\n\t\t\t<div class=\"elementor-tabs-content-wrapper\" role=\"tablist\" aria-orientation=\"vertical\">\n\t\t\t\t\t\t\t\t\t<div class=\"elementor-tab-title elementor-tab-mobile-title\" aria-selected=\"true\" data-tab=\"1\" role=\"tab\" tabindex=\"0\" aria-controls=\"elementor-tab-content-1851\" aria-expanded=\"false\">Webdesign & Entwicklung<\/div>\n\t\t\t\t\t<div id=\"elementor-tab-content-1851\" class=\"elementor-tab-content elementor-clearfix\" data-tab=\"1\" role=\"tabpanel\" aria-labelledby=\"elementor-tab-title-1851\" tabindex=\"0\" hidden=\"false\"><p>Sie ben\u00f6tigen ein umfassendes Neudesign oder eine \u00dcberholung, der bereits vorhandenen Gestaltung? Wir f\u00fchren Sie zum Ziel und zu dem idealen Webinterface ihrer Gesch\u00e4ftsidee. Unser Team bietet Ihnen einen kosteneffizienten Rundum-Service auf h\u00f6chstem Niveau und erstellt Ihnen gerne ein, speziell auf Sie zugeschnittenes, Angebot.<\/p><\/div>\n\t\t\t\t\t\t\t\t\t<div class=\"elementor-tab-title elementor-tab-mobile-title\" aria-selected=\"false\" data-tab=\"2\" role=\"tab\" tabindex=\"-1\" aria-controls=\"elementor-tab-content-1852\" aria-expanded=\"false\">Hosting<\/div>\n\t\t\t\t\t<div id=\"elementor-tab-content-1852\" class=\"elementor-tab-content elementor-clearfix\" data-tab=\"2\" role=\"tabpanel\" aria-labelledby=\"elementor-tab-title-1852\" tabindex=\"0\" hidden=\"hidden\"><p>Zu allen Dienstleistungen bieten wir Ihnen zus\u00e4tzlich auch ein qualifiziertes Web- und E-Mail Hosting an. Ihre Webseite wird risikolos auf unseren Servern oder die unserer Partner\u00a0 hinterlegt und kann Tag und Nacht von unserem Team f\u00fcr Sie gewartet werden.<\/p><\/div>\n\t\t\t\t\t\t\t\t\t<div class=\"elementor-tab-title elementor-tab-mobile-title\" aria-selected=\"false\" data-tab=\"3\" role=\"tab\" tabindex=\"-1\" aria-controls=\"elementor-tab-content-1853\" aria-expanded=\"false\">Domain<\/div>\n\t\t\t\t\t<div id=\"elementor-tab-content-1853\" class=\"elementor-tab-content elementor-clearfix\" data-tab=\"3\" role=\"tabpanel\" aria-labelledby=\"elementor-tab-title-1853\" tabindex=\"0\" hidden=\"hidden\"><p>wir bieten Ihnen die M\u00f6glichkeit zwischen 91 verschiedenen Domainendungen zu w\u00e4hlen und registrieren ihre Domain mit der jeweiligen Wunschendung f\u00fcr Sie. Diese Registrierung ist f\u00fcr unsere Kunden auch international m\u00f6glich.<\/p><\/div>\n\t\t\t\t\t\t\t\t\t<div class=\"elementor-tab-title elementor-tab-mobile-title\" aria-selected=\"false\" data-tab=\"4\" role=\"tab\" tabindex=\"-1\" aria-controls=\"elementor-tab-content-1854\" aria-expanded=\"false\">Webshop \/ E-Commerce<\/div>\n\t\t\t\t\t<div id=\"elementor-tab-content-1854\" class=\"elementor-tab-content elementor-clearfix\" data-tab=\"4\" role=\"tabpanel\" aria-labelledby=\"elementor-tab-title-1854\" tabindex=\"0\" hidden=\"hidden\"><p>Wir unterst\u00fctzen Sie bei der Einf\u00fchrung von innovativen Web 2.0 Features und geben Ihnen gleichzeitig auch benutzerfreundliche Verwaltungssysteme an die Hand. Egal ob Sie ein neues, individuelles Design f\u00fcr einen Online-Shop w\u00fcnschen oder lediglich ein Re-Design ben\u00f6tigen.<\/p><\/div>\n\t\t\t\t\t\t\t\t\t<div class=\"elementor-tab-title elementor-tab-mobile-title\" aria-selected=\"false\" data-tab=\"5\" role=\"tab\" tabindex=\"-1\" aria-controls=\"elementor-tab-content-1855\" aria-expanded=\"false\">Webseiten-Verwaltung<\/div>\n\t\t\t\t\t<div id=\"elementor-tab-content-1855\" class=\"elementor-tab-content elementor-clearfix\" data-tab=\"5\" role=\"tabpanel\" aria-labelledby=\"elementor-tab-title-1855\" tabindex=\"0\" hidden=\"hidden\"><p>Wir bieten Ihnen einen komfortablen Verwaltungsservice f\u00fcr ihre Internetpr\u00e4senz. Egal ob Updates oder inhaltliche Neuheiten, Als kompetenter Partner an ihrer Seite, werden wir uns ebenso um komplexe Anliegen k\u00fcmmern. Hierbei werden monatliche Wartungsvertr\u00e4ge anhand ihres Budgets und dem gegebenen Arbeitsaufwand erstellt, wodurch Sie die volle Kostenkontrolle behalten.<\/p><\/div>\n\t\t\t\t\t\t\t<\/div>\n\t\t<\/div>\n\t\t\t\t\t\t<\/div>\n\t\t\t\t<\/div>\n\t\t\t\t\t<\/div>\n\t\t<\/div>\n\t\t\t\t\t<\/div>\n\t\t<\/section>\n\t\t\t\t<section class=\"elementor-section elementor-top-section elementor-element elementor-element-49f737b elementor-section-boxed elementor-section-height-default elementor-section-height-default\" data-id=\"49f737b\" data-element_type=\"section\" data-e-type=\"section\">\n\t\t\t\t\t\t<div class=\"elementor-container elementor-column-gap-default\">\n\t\t\t\t\t<div class=\"elementor-column elementor-col-100 elementor-top-column elementor-element elementor-element-c4122de\" data-id=\"c4122de\" data-element_type=\"column\" data-e-type=\"column\">\n\t\t\t<div class=\"elementor-widget-wrap elementor-element-populated\">\n\t\t\t\t\t\t<div class=\"elementor-element elementor-element-af0d433 elementor-tabs-view-horizontal elementor-widget elementor-widget-tabs\" data-id=\"af0d433\" data-element_type=\"widget\" data-e-type=\"widget\" data-widget_type=\"tabs.default\">\n\t\t\t\t<div class=\"elementor-widget-container\">\n\t\t\t\t\t\t\t<div class=\"elementor-tabs\">\n\t\t\t<div class=\"elementor-tabs-wrapper\" role=\"tablist\" >\n\t\t\t\t\t\t\t\t\t<div id=\"elementor-tab-title-1831\" class=\"elementor-tab-title elementor-tab-desktop-title\" aria-selected=\"true\" data-tab=\"1\" role=\"tab\" tabindex=\"0\" aria-controls=\"elementor-tab-content-1831\" aria-expanded=\"false\">Suchmaschinen Optimierung (SEO)<\/div>\n\t\t\t\t\t\t\t<\/div>\n\t\t\t<div class=\"elementor-tabs-content-wrapper\" role=\"tablist\" aria-orientation=\"vertical\">\n\t\t\t\t\t\t\t\t\t<div class=\"elementor-tab-title elementor-tab-mobile-title\" aria-selected=\"true\" data-tab=\"1\" role=\"tab\" tabindex=\"0\" aria-controls=\"elementor-tab-content-1831\" aria-expanded=\"false\">Suchmaschinen Optimierung (SEO)<\/div>\n\t\t\t\t\t<div id=\"elementor-tab-content-1831\" class=\"elementor-tab-content elementor-clearfix\" data-tab=\"1\" role=\"tabpanel\" aria-labelledby=\"elementor-tab-title-1831\" tabindex=\"0\" hidden=\"false\"><p>Jeder kennt das Problem \u2013 SD-Internet-Service kennt die L\u00f6sung! Ihre Webseite scheint unauffindbar, beim benutzen der Google Stichwortsuche?! Wir erstellen eine, auf Sie zugeschnittene, Suchmaschinen Optimierung und sorgen daf\u00fcr, dass Sie bei Google die Pole-Position erlangen. Gerne entwickelt unser Team auch Ad-Words Kampagnen f\u00fcr Sie und bietet Ihnen und ihrem Unternehmen so das Publikum und die Aufmerksamkeit, die Sie verdient haben.<\/p><\/div>\n\t\t\t\t\t\t\t<\/div>\n\t\t<\/div>\n\t\t\t\t\t\t<\/div>\n\t\t\t\t<\/div>\n\t\t\t\t\t<\/div>\n\t\t<\/div>\n\t\t\t\t\t<\/div>\n\t\t<\/section>\n\t\t\t\t<section class=\"elementor-section elementor-top-section elementor-element elementor-element-1688f6b elementor-section-boxed elementor-section-height-default elementor-section-height-default\" data-id=\"1688f6b\" data-element_type=\"section\" data-e-type=\"section\">\n\t\t\t\t\t\t<div class=\"elementor-container elementor-column-gap-default\">\n\t\t\t\t\t<div class=\"elementor-column elementor-col-100 elementor-top-column elementor-element elementor-element-c05ac6e\" data-id=\"c05ac6e\" data-element_type=\"column\" data-e-type=\"column\">\n\t\t\t<div class=\"elementor-widget-wrap elementor-element-populated\">\n\t\t\t\t\t\t<div class=\"elementor-element elementor-element-d2ec6f7 elementor-alert-info elementor-widget elementor-widget-alert\" data-id=\"d2ec6f7\" data-element_type=\"widget\" data-e-type=\"widget\" data-widget_type=\"alert.default\">\n\t\t\t\t<div class=\"elementor-widget-container\">\n\t\t\t\t\t\t\t<div class=\"elementor-alert\" role=\"alert\">\n\n\t\t\t\t\t\t<span class=\"elementor-alert-title\">Das ist eine Warnmeldung<\/span>\n\t\t\t\n\t\t\t\t\t\t<span class=\"elementor-alert-description\">Ich bin eine Beschreibung. Klicken Sie auf die Schaltfl\u00e4che &quot;Bearbeiten&quot;, um diesen Text zu \u00e4ndern.<\/span>\n\t\t\t\n\t\t\t\t\t\t<button type=\"button\" class=\"elementor-alert-dismiss\" aria-label=\"Dismiss this alert.\">\n\t\t\t\t\t\t\t\t\t<span aria-hidden=\"true\">&times;<\/span>\n\t\t\t\t\t\t\t<\/button>\n\t\t\t\n\t\t<\/div>\n\t\t\t\t\t\t<\/div>\n\t\t\t\t<\/div>\n\t\t\t\t\t<\/div>\n\t\t<\/div>\n\t\t\t\t\t<\/div>\n\t\t<\/section>\n\t\t\t\t<section class=\"elementor-section elementor-top-section elementor-element elementor-element-1c1f0f0 elementor-section-boxed elementor-section-height-default elementor-section-height-default\" data-id=\"1c1f0f0\" data-element_type=\"section\" data-e-type=\"section\">\n\t\t\t\t\t\t<div class=\"elementor-container elementor-column-gap-default\">\n\t\t\t\t\t<div class=\"elementor-column elementor-col-100 elementor-top-column elementor-element elementor-element-17579b7\" data-id=\"17579b7\" data-element_type=\"column\" data-e-type=\"column\">\n\t\t\t<div class=\"elementor-widget-wrap elementor-element-populated\">\n\t\t\t\t\t\t<div class=\"elementor-element elementor-element-a3962c8 elementor-widget elementor-widget-wp-widget-rss\" data-id=\"a3962c8\" data-element_type=\"widget\" data-e-type=\"widget\" data-widget_type=\"wp-widget-rss.default\">\n\t\t\t\t<div class=\"elementor-widget-container\">\n\t\t\t\t\t<h5><a class=\"rsswidget rss-widget-feed\" href=\"https:\/\/wid.cert-bund.de\/content\/public\/securityAdvisory\/rss\" target=\"_blank\" rel=\"noopener\"><img data-recalc-dims=\"1\" decoding=\"async\" class=\"rss-widget-icon\" style=\"border:0\" width=\"14\" height=\"14\" src=\"https:\/\/i0.wp.com\/sd-internet-service.de\/wp-includes\/images\/rss.png?resize=14%2C14&#038;ssl=1\" alt=\"RSS\" \/><\/a> <a class=\"rsswidget rss-widget-title\" href=\"https:\/\/wid.cert-bund.de\/portal\/wid\/securityadvisory\" target=\"_blank\" rel=\"noopener\">BSI Warn- und Informationsdienst (WID): Schwachstellen-Informationen (Security Advisories)<\/a><\/h5><ul><li><a class=\"rsswidget\" href=\"https:\/\/wid.cert-bund.de\/portal\/wid\/securityadvisory?name=WID-SEC-2026-1327\" target=\"_blank\" rel=\"noopener\">[NEU] [mittel] Red Hat JBoss Enterprise Application Platform (bouncycastle): Schwachstelle erm\u00f6glicht Offenlegung von Informationen<\/a><div class=\"rssSummary\">Ein entfernter, anonymer Angreifer kann eine Schwachstelle in Red Hat JBoss Enterprise Application Platform ausnutzen, um Informationen offenzulegen.<\/div><\/li><li><a class=\"rsswidget\" href=\"https:\/\/wid.cert-bund.de\/portal\/wid\/securityadvisory?name=WID-SEC-2026-1326\" target=\"_blank\" rel=\"noopener\">[NEU] [mittel] Linux Kernel: Schwachstelle erm\u00f6glicht Umgehen von Sicherheitsvorkehrungen<\/a><div class=\"rssSummary\">Ein lokaler Angreifer kann eine Schwachstellen im Linux Kernel ausnutzen, um Sicherheitsvorkehrungen zu umgehen.<\/div><\/li><li><a class=\"rsswidget\" href=\"https:\/\/wid.cert-bund.de\/portal\/wid\/securityadvisory?name=WID-SEC-2026-1311\" target=\"_blank\" rel=\"noopener\">[NEU] [hoch] Wireshark: Mehrere Schwachstellen<\/a><div class=\"rssSummary\">Ein Angreifer kann mehrere Schwachstellen in Wireshark ausnutzen, um beliebigen Code auszuf\u00fchren, einen Denial-of-Service-Zustand zu verursachen, vertrauliche Informationen offenzulegen oder andere, nicht n\u00e4her spezifizierte Angriffe durchzuf\u00fchren.<\/div><\/li><li><a class=\"rsswidget\" href=\"https:\/\/wid.cert-bund.de\/portal\/wid\/securityadvisory?name=WID-SEC-2026-1031\" target=\"_blank\" rel=\"noopener\">[UPDATE] [mittel] libTIFF: Schwachstelle erm\u00f6glicht Codeausf\u00fchrung und DoS<\/a><div class=\"rssSummary\">Ein entfernter, anonymer Angreifer kann eine Schwachstelle in libTIFF ausnutzen, um m\u00f6glicherweise beliebigen Code auszuf\u00fchren oder einen Denial-of-Service-Zustand herbeizuf\u00fchren.<\/div><\/li><li><a class=\"rsswidget\" href=\"https:\/\/wid.cert-bund.de\/portal\/wid\/securityadvisory?name=WID-SEC-2026-1232\" target=\"_blank\" rel=\"noopener\">[UPDATE] [hoch] Linux Kernel: Mehrere Schwachstellen<\/a><div class=\"rssSummary\">Ein Angreifer kann mehrere Schwachstellen in Linux Kernel ausnutzen, um seine Privilegien zu erh\u00f6hen, um einen Denial of Service Zustand oder andere, nicht n\u00e4her spezifizierte Auswirkungen zu erzielen.<\/div><\/li><li><a class=\"rsswidget\" href=\"https:\/\/wid.cert-bund.de\/portal\/wid\/securityadvisory?name=WID-SEC-2026-1325\" target=\"_blank\" rel=\"noopener\">[NEU] [UNGEPATCHT] [hoch] Microsoft Windows RPC: Schwachstelle erm\u00f6glicht Privilegieneskalation<\/a><div class=\"rssSummary\">Ein lokaler Angreifer kann eine Schwachstelle in Microsoft Windows RPC ausnutzen, um seine Privilegien zu erh\u00f6hen.<\/div><\/li><li><a class=\"rsswidget\" href=\"https:\/\/wid.cert-bund.de\/portal\/wid\/securityadvisory?name=WID-SEC-2026-1324\" target=\"_blank\" rel=\"noopener\">[NEU] [hoch] FreeBSD Project FreeBSD OS: Mehrere Schwachstellen<\/a><div class=\"rssSummary\">Ein Angreifer kann mehrere Schwachstellen in FreeBSD Project FreeBSD OS ausnutzen, um sich erweiterte Rechte, einschlie\u00dflich Superuser-Rechte, zu verschaffen, beliebigen Code auszuf\u00fchren \u2013 auch mit Administratorrechten \u2013, Daten zu manipulieren, vertrauliche Informationen offenzulegen oder einen Denial-of-Service-Zustand herbeizuf\u00fchren.<\/div><\/li><li><a class=\"rsswidget\" href=\"https:\/\/wid.cert-bund.de\/portal\/wid\/securityadvisory?name=WID-SEC-2026-1323\" target=\"_blank\" rel=\"noopener\">[NEU] [mittel] Absolute Secure Access: Mehrere Schwachstellen<\/a><div class=\"rssSummary\">Ein Angreifer kann mehrere Schwachstellen in Absolute Secure Access ausnutzen, um seine Privilegien zu erh\u00f6hen, um einen Denial of Service Angriff durchzuf\u00fchren, und um Informationen offenzulegen.<\/div><\/li><li><a class=\"rsswidget\" href=\"https:\/\/wid.cert-bund.de\/portal\/wid\/securityadvisory?name=WID-SEC-2026-1295\" target=\"_blank\" rel=\"noopener\">[UPDATE] [hoch] Wazuh: Mehrere Schwachstellen<\/a><div class=\"rssSummary\">Ein Angreifer kann mehrere Schwachstellen in Wazuh ausnutzen, um einen Denial of Service Angriff durchzuf\u00fchren, beliebigen Code auszuf\u00fchren, Daten zu manipulieren, vertrauliche Informationen offenzulegen oder Sicherheitsma\u00dfnahmen zu umgehen.<\/div><\/li><li><a class=\"rsswidget\" href=\"https:\/\/wid.cert-bund.de\/portal\/wid\/securityadvisory?name=WID-SEC-2026-1322\" target=\"_blank\" rel=\"noopener\">[NEU] [hoch] Acronis Cyber Protect Cloud Agent: Mehrere Schwachstellen erm\u00f6glichen Privilegieneskalation<\/a><div class=\"rssSummary\">Ein lokaler oder entfernter, authentisierter Angreifer kann mehrere Schwachstellen in Acronis Cyber Protect Cloud Agent ausnutzen, um seine Privilegien zu erh\u00f6hen.<\/div><\/li><\/ul>\t\t\t\t<\/div>\n\t\t\t\t<\/div>\n\t\t\t\t\t<\/div>\n\t\t<\/div>\n\t\t\t\t\t<\/div>\n\t\t<\/section>\n\t\t\t\t<\/div>\n\t\t","protected":false},"excerpt":{"rendered":"<p>Unser Service umfasst umfassende L\u00f6sungen im Bereich Hosting, Webentwicklung und IT-Infrastruktur. Dabei legen wir besonderen Wert auf Sicherheitsvorkehrungen, um Schwachstellen zu minimieren und Ihre Daten vor Bedrohungen wie Denial of Service oder Datenmanipulation zu sch\u00fctzen. Mit unseren Cloud-L\u00f6sungen erhalten Sie flexible und skalierbare Ressourcen, die sich an Ihre individuellen Anforderungen anpassen lassen. Webdesign &#038; Entwicklung Hosting Domain Webshop \/ E-Commerce<\/p>\n","protected":false},"author":1,"featured_media":0,"parent":0,"menu_order":0,"comment_status":"closed","ping_status":"closed","template":"","meta":{"footnotes":""},"class_list":["post-131","page","type-page","status-publish","hentry"],"jetpack-related-posts":[],"jetpack_sharing_enabled":true,"_links":{"self":[{"href":"https:\/\/sd-internet-service.de\/index.php\/wp-json\/wp\/v2\/pages\/131","targetHints":{"allow":["GET"]}}],"collection":[{"href":"https:\/\/sd-internet-service.de\/index.php\/wp-json\/wp\/v2\/pages"}],"about":[{"href":"https:\/\/sd-internet-service.de\/index.php\/wp-json\/wp\/v2\/types\/page"}],"author":[{"embeddable":true,"href":"https:\/\/sd-internet-service.de\/index.php\/wp-json\/wp\/v2\/users\/1"}],"replies":[{"embeddable":true,"href":"https:\/\/sd-internet-service.de\/index.php\/wp-json\/wp\/v2\/comments?post=131"}],"version-history":[{"count":43,"href":"https:\/\/sd-internet-service.de\/index.php\/wp-json\/wp\/v2\/pages\/131\/revisions"}],"predecessor-version":[{"id":645,"href":"https:\/\/sd-internet-service.de\/index.php\/wp-json\/wp\/v2\/pages\/131\/revisions\/645"}],"wp:attachment":[{"href":"https:\/\/sd-internet-service.de\/index.php\/wp-json\/wp\/v2\/media?parent=131"}],"curies":[{"name":"wp","href":"https:\/\/api.w.org\/{rel}","templated":true}]}}